{"id":14,"date":"2021-04-08T14:28:02","date_gmt":"2021-04-08T14:28:02","guid":{"rendered":"https:\/\/ergo-gold.at\/?page_id=14"},"modified":"2021-05-08T12:00:42","modified_gmt":"2021-05-08T12:00:42","slug":"home","status":"publish","type":"page","link":"https:\/\/ergo-gold.at\/","title":{"rendered":""},"content":{"rendered":"\n<div class=\"wp-block-cover alignfull\" style=\"min-height:700px;aspect-ratio:unset;\"><img loading=\"lazy\" decoding=\"async\" width=\"2560\" height=\"1707\" class=\"wp-block-cover__image-background wp-image-210\" alt=\"\" src=\"https:\/\/ergo-gold.at\/wp-content\/uploads\/2021\/05\/P5021704-scaled.jpg\" style=\"object-position:35% 42%\" data-object-fit=\"cover\" data-object-position=\"35% 42%\" srcset=\"https:\/\/ergo-gold.at\/wp-content\/uploads\/2021\/05\/P5021704-scaled.jpg 2560w, https:\/\/ergo-gold.at\/wp-content\/uploads\/2021\/05\/P5021704-300x200.jpg 300w, https:\/\/ergo-gold.at\/wp-content\/uploads\/2021\/05\/P5021704-1024x683.jpg 1024w, https:\/\/ergo-gold.at\/wp-content\/uploads\/2021\/05\/P5021704-768x512.jpg 768w, https:\/\/ergo-gold.at\/wp-content\/uploads\/2021\/05\/P5021704-1536x1024.jpg 1536w, https:\/\/ergo-gold.at\/wp-content\/uploads\/2021\/05\/P5021704-2048x1365.jpg 2048w, https:\/\/ergo-gold.at\/wp-content\/uploads\/2021\/05\/P5021704-930x620.jpg 930w\" sizes=\"auto, (max-width: 2560px) 100vw, 2560px\" \/><div class=\"wp-block-cover__inner-container is-layout-flow wp-block-cover-is-layout-flow\">\n<div style=\"height:80px\" aria-hidden=\"true\" class=\"wp-block-spacer\"><\/div>\n\n\n\n<h1 class=\"alignwide has-text-align-center has-text-color wp-block-heading\" style=\"color:#121212\">Ergotherapie im Waldviertel<\/h1>\n\n\n\n<p class=\"has-text-align-center has-text-color\" style=\"color:#121212;font-size:22px\">Handlungsf\u00e4hig sein, um den Alltag selbstst\u00e4ndig bew\u00e4ltigen zu k\u00f6nnen &#8211; das ist das h\u00f6chste Ziel der Ergotherapie und bewegt mich dazu meinen Beruf als Berufung zu sehen.<br><\/p>\n\n\n\n<div class=\"wp-block-buttons is-content-justification-center is-layout-flex wp-block-buttons-is-layout-flex\">\n<div class=\"wp-block-button is-style-primary\"><a class=\"wp-block-button__link\" href=\"https:\/\/ergo-gold.at\/index.php\/fachbereiche\/\">Fachbereiche<\/a><\/div>\n\n\n\n<div class=\"wp-block-button is-style-secondary\"><a class=\"wp-block-button__link\" href=\"https:\/\/ergo-gold.at\/index.php\/wissenswertes\/\">Wissenswertes<\/a><\/div>\n<\/div>\n\n\n\n<div style=\"height:80px\" aria-hidden=\"true\" class=\"wp-block-spacer\"><\/div>\n\n\n\n<div style=\"height:80px\" aria-hidden=\"true\" class=\"wp-block-spacer\"><\/div>\n<\/div><\/div>\n\n\n\n<div class=\"wp-block-cover alignfull has-nv-light-bg-background-color has-background-dim\" style=\"min-height:213px;aspect-ratio:unset;\"><div class=\"wp-block-cover__inner-container is-layout-flow wp-block-cover-is-layout-flow\">\n<div class=\"wp-block-group\"><div class=\"wp-block-group__inner-container is-layout-flow wp-block-group-is-layout-flow\">\n<p class=\"has-text-align-center has-neve-link-color-color has-nv-light-bg-background-color has-text-color has-background\" style=\"font-size:22px\">Ich bin freiberufliche Ergotherapeutin in Oberh\u00f6flein im Bezirk Horn. Ich arbeite vor allem mit PatientInnen mit neurologischen, orthop\u00e4dischen, rheumatologischen und handchirurgischen Krankheitsbildern.<\/p>\n<\/div><\/div>\n<\/div><\/div>\n\n\n\n<div class=\"wp-block-cover alignfull has-nv-site-bg-background-color has-background-dim\" style=\"min-height:1200px;aspect-ratio:unset;\"><div class=\"wp-block-cover__inner-container is-layout-flow wp-block-cover-is-layout-flow\">\n<div class=\"wp-block-group is-layout-flow wp-block-group-is-layout-flow\"><div class=\"wp-block-group__inner-container\"><\/div><\/div>\n\n\n\n<figure class=\"wp-block-gallery alignfull columns-3 is-cropped wp-block-gallery-1 is-layout-flex wp-block-gallery-is-layout-flex\"><ul class=\"blocks-gallery-grid\"><li class=\"blocks-gallery-item\"><figure><img loading=\"lazy\" decoding=\"async\" width=\"2560\" height=\"1707\" src=\"https:\/\/ergo-gold.at\/wp-content\/uploads\/2021\/05\/P5021737-scaled.jpg\" alt=\"\" data-id=\"209\" data-full-url=\"https:\/\/ergo-gold.at\/wp-content\/uploads\/2021\/05\/P5021737-scaled.jpg\" data-link=\"https:\/\/ergo-gold.at\/olympus-digital-camera-25\/\" class=\"wp-image-209\" srcset=\"https:\/\/ergo-gold.at\/wp-content\/uploads\/2021\/05\/P5021737-scaled.jpg 2560w, https:\/\/ergo-gold.at\/wp-content\/uploads\/2021\/05\/P5021737-300x200.jpg 300w, https:\/\/ergo-gold.at\/wp-content\/uploads\/2021\/05\/P5021737-1024x683.jpg 1024w, https:\/\/ergo-gold.at\/wp-content\/uploads\/2021\/05\/P5021737-768x512.jpg 768w, https:\/\/ergo-gold.at\/wp-content\/uploads\/2021\/05\/P5021737-1536x1024.jpg 1536w, https:\/\/ergo-gold.at\/wp-content\/uploads\/2021\/05\/P5021737-2048x1365.jpg 2048w, https:\/\/ergo-gold.at\/wp-content\/uploads\/2021\/05\/P5021737-930x620.jpg 930w\" sizes=\"auto, (max-width: 2560px) 100vw, 2560px\" \/><\/figure><\/li><li class=\"blocks-gallery-item\"><figure><img loading=\"lazy\" decoding=\"async\" width=\"2560\" height=\"1707\" src=\"https:\/\/ergo-gold.at\/wp-content\/uploads\/2021\/05\/P5021742-scaled.jpg\" alt=\"\" data-id=\"208\" data-full-url=\"https:\/\/ergo-gold.at\/wp-content\/uploads\/2021\/05\/P5021742-scaled.jpg\" data-link=\"https:\/\/ergo-gold.at\/olympus-digital-camera-24\/\" class=\"wp-image-208\" srcset=\"https:\/\/ergo-gold.at\/wp-content\/uploads\/2021\/05\/P5021742-scaled.jpg 2560w, https:\/\/ergo-gold.at\/wp-content\/uploads\/2021\/05\/P5021742-300x200.jpg 300w, https:\/\/ergo-gold.at\/wp-content\/uploads\/2021\/05\/P5021742-1024x683.jpg 1024w, https:\/\/ergo-gold.at\/wp-content\/uploads\/2021\/05\/P5021742-768x512.jpg 768w, https:\/\/ergo-gold.at\/wp-content\/uploads\/2021\/05\/P5021742-1536x1024.jpg 1536w, https:\/\/ergo-gold.at\/wp-content\/uploads\/2021\/05\/P5021742-2048x1365.jpg 2048w, https:\/\/ergo-gold.at\/wp-content\/uploads\/2021\/05\/P5021742-930x620.jpg 930w\" sizes=\"auto, (max-width: 2560px) 100vw, 2560px\" \/><\/figure><\/li><li class=\"blocks-gallery-item\"><figure><img loading=\"lazy\" decoding=\"async\" width=\"2560\" height=\"1707\" src=\"https:\/\/ergo-gold.at\/wp-content\/uploads\/2021\/05\/P5021691-scaled.jpg\" alt=\"\" data-id=\"207\" data-full-url=\"https:\/\/ergo-gold.at\/wp-content\/uploads\/2021\/05\/P5021691-scaled.jpg\" data-link=\"https:\/\/ergo-gold.at\/olympus-digital-camera-23\/\" class=\"wp-image-207\" srcset=\"https:\/\/ergo-gold.at\/wp-content\/uploads\/2021\/05\/P5021691-scaled.jpg 2560w, https:\/\/ergo-gold.at\/wp-content\/uploads\/2021\/05\/P5021691-300x200.jpg 300w, https:\/\/ergo-gold.at\/wp-content\/uploads\/2021\/05\/P5021691-1024x683.jpg 1024w, https:\/\/ergo-gold.at\/wp-content\/uploads\/2021\/05\/P5021691-768x512.jpg 768w, https:\/\/ergo-gold.at\/wp-content\/uploads\/2021\/05\/P5021691-1536x1024.jpg 1536w, https:\/\/ergo-gold.at\/wp-content\/uploads\/2021\/05\/P5021691-2048x1365.jpg 2048w, https:\/\/ergo-gold.at\/wp-content\/uploads\/2021\/05\/P5021691-930x620.jpg 930w\" sizes=\"auto, (max-width: 2560px) 100vw, 2560px\" \/><\/figure><\/li><li class=\"blocks-gallery-item\"><figure><img loading=\"lazy\" decoding=\"async\" width=\"2560\" height=\"1707\" src=\"https:\/\/ergo-gold.at\/wp-content\/uploads\/2021\/05\/P5021694-scaled.jpg\" alt=\"\" data-id=\"205\" data-full-url=\"https:\/\/ergo-gold.at\/wp-content\/uploads\/2021\/05\/P5021694-scaled.jpg\" data-link=\"https:\/\/ergo-gold.at\/olympus-digital-camera-21\/\" class=\"wp-image-205\" srcset=\"https:\/\/ergo-gold.at\/wp-content\/uploads\/2021\/05\/P5021694-scaled.jpg 2560w, https:\/\/ergo-gold.at\/wp-content\/uploads\/2021\/05\/P5021694-300x200.jpg 300w, https:\/\/ergo-gold.at\/wp-content\/uploads\/2021\/05\/P5021694-1024x683.jpg 1024w, https:\/\/ergo-gold.at\/wp-content\/uploads\/2021\/05\/P5021694-768x512.jpg 768w, https:\/\/ergo-gold.at\/wp-content\/uploads\/2021\/05\/P5021694-1536x1024.jpg 1536w, https:\/\/ergo-gold.at\/wp-content\/uploads\/2021\/05\/P5021694-2048x1365.jpg 2048w, https:\/\/ergo-gold.at\/wp-content\/uploads\/2021\/05\/P5021694-930x620.jpg 930w\" sizes=\"auto, (max-width: 2560px) 100vw, 2560px\" \/><\/figure><\/li><li class=\"blocks-gallery-item\"><figure><img loading=\"lazy\" decoding=\"async\" width=\"2560\" height=\"1707\" src=\"https:\/\/ergo-gold.at\/wp-content\/uploads\/2021\/05\/P5021725-scaled.jpg\" alt=\"\" data-id=\"203\" data-full-url=\"https:\/\/ergo-gold.at\/wp-content\/uploads\/2021\/05\/P5021725-scaled.jpg\" data-link=\"https:\/\/ergo-gold.at\/olympus-digital-camera-19\/\" class=\"wp-image-203\" srcset=\"https:\/\/ergo-gold.at\/wp-content\/uploads\/2021\/05\/P5021725-scaled.jpg 2560w, https:\/\/ergo-gold.at\/wp-content\/uploads\/2021\/05\/P5021725-300x200.jpg 300w, https:\/\/ergo-gold.at\/wp-content\/uploads\/2021\/05\/P5021725-1024x683.jpg 1024w, https:\/\/ergo-gold.at\/wp-content\/uploads\/2021\/05\/P5021725-768x512.jpg 768w, https:\/\/ergo-gold.at\/wp-content\/uploads\/2021\/05\/P5021725-1536x1024.jpg 1536w, https:\/\/ergo-gold.at\/wp-content\/uploads\/2021\/05\/P5021725-2048x1365.jpg 2048w, https:\/\/ergo-gold.at\/wp-content\/uploads\/2021\/05\/P5021725-930x620.jpg 930w\" sizes=\"auto, (max-width: 2560px) 100vw, 2560px\" \/><\/figure><\/li><li class=\"blocks-gallery-item\"><figure><img loading=\"lazy\" decoding=\"async\" width=\"2560\" height=\"1707\" src=\"https:\/\/ergo-gold.at\/wp-content\/uploads\/2021\/04\/P4111411-2-scaled.jpg\" alt=\"\" data-id=\"75\" data-full-url=\"https:\/\/ergo-gold.at\/wp-content\/uploads\/2021\/04\/P4111411-2-scaled.jpg\" data-link=\"https:\/\/ergo-gold.at\/index.php\/fachbereiche\/olympus-digital-camera-9\/\" class=\"wp-image-75\" srcset=\"https:\/\/ergo-gold.at\/wp-content\/uploads\/2021\/04\/P4111411-2-scaled.jpg 2560w, https:\/\/ergo-gold.at\/wp-content\/uploads\/2021\/04\/P4111411-2-300x200.jpg 300w, https:\/\/ergo-gold.at\/wp-content\/uploads\/2021\/04\/P4111411-2-1024x683.jpg 1024w, https:\/\/ergo-gold.at\/wp-content\/uploads\/2021\/04\/P4111411-2-768x512.jpg 768w, https:\/\/ergo-gold.at\/wp-content\/uploads\/2021\/04\/P4111411-2-1536x1024.jpg 1536w, https:\/\/ergo-gold.at\/wp-content\/uploads\/2021\/04\/P4111411-2-2048x1365.jpg 2048w, https:\/\/ergo-gold.at\/wp-content\/uploads\/2021\/04\/P4111411-2-930x620.jpg 930w\" sizes=\"auto, (max-width: 2560px) 100vw, 2560px\" \/><\/figure><\/li><li class=\"blocks-gallery-item\"><figure><img loading=\"lazy\" decoding=\"async\" width=\"2560\" height=\"1707\" src=\"https:\/\/ergo-gold.at\/wp-content\/uploads\/2021\/04\/P4101383-scaled.jpg\" alt=\"\" data-id=\"64\" data-full-url=\"https:\/\/ergo-gold.at\/wp-content\/uploads\/2021\/04\/P4101383-scaled.jpg\" data-link=\"https:\/\/ergo-gold.at\/index.php\/fachbereiche\/olympus-digital-camera-6\/\" class=\"wp-image-64\" srcset=\"https:\/\/ergo-gold.at\/wp-content\/uploads\/2021\/04\/P4101383-scaled.jpg 2560w, https:\/\/ergo-gold.at\/wp-content\/uploads\/2021\/04\/P4101383-300x200.jpg 300w, https:\/\/ergo-gold.at\/wp-content\/uploads\/2021\/04\/P4101383-1024x683.jpg 1024w, https:\/\/ergo-gold.at\/wp-content\/uploads\/2021\/04\/P4101383-768x512.jpg 768w, https:\/\/ergo-gold.at\/wp-content\/uploads\/2021\/04\/P4101383-1536x1024.jpg 1536w, https:\/\/ergo-gold.at\/wp-content\/uploads\/2021\/04\/P4101383-2048x1365.jpg 2048w, https:\/\/ergo-gold.at\/wp-content\/uploads\/2021\/04\/P4101383-930x620.jpg 930w\" sizes=\"auto, (max-width: 2560px) 100vw, 2560px\" \/><\/figure><\/li><li class=\"blocks-gallery-item\"><figure><img loading=\"lazy\" decoding=\"async\" width=\"1707\" height=\"2560\" src=\"https:\/\/ergo-gold.at\/wp-content\/uploads\/2021\/04\/P4111433-scaled.jpg\" alt=\"\" data-id=\"67\" data-full-url=\"https:\/\/ergo-gold.at\/wp-content\/uploads\/2021\/04\/P4111433-scaled.jpg\" data-link=\"https:\/\/ergo-gold.at\/index.php\/fachbereiche\/olympus-digital-camera-7\/\" class=\"wp-image-67\" srcset=\"https:\/\/ergo-gold.at\/wp-content\/uploads\/2021\/04\/P4111433-scaled.jpg 1707w, https:\/\/ergo-gold.at\/wp-content\/uploads\/2021\/04\/P4111433-200x300.jpg 200w, https:\/\/ergo-gold.at\/wp-content\/uploads\/2021\/04\/P4111433-683x1024.jpg 683w, https:\/\/ergo-gold.at\/wp-content\/uploads\/2021\/04\/P4111433-768x1152.jpg 768w, https:\/\/ergo-gold.at\/wp-content\/uploads\/2021\/04\/P4111433-1024x1536.jpg 1024w, https:\/\/ergo-gold.at\/wp-content\/uploads\/2021\/04\/P4111433-1365x2048.jpg 1365w\" sizes=\"auto, (max-width: 1707px) 100vw, 1707px\" \/><\/figure><\/li><li class=\"blocks-gallery-item\"><figure><img loading=\"lazy\" decoding=\"async\" width=\"2560\" height=\"1707\" src=\"https:\/\/ergo-gold.at\/wp-content\/uploads\/2021\/04\/P4101391-scaled.jpg\" alt=\"\" data-id=\"65\" data-full-url=\"https:\/\/ergo-gold.at\/wp-content\/uploads\/2021\/04\/P4101391-scaled.jpg\" data-link=\"https:\/\/ergo-gold.at\/index.php\/fachbereiche\/olympus-digital-camera-5\/\" class=\"wp-image-65\" srcset=\"https:\/\/ergo-gold.at\/wp-content\/uploads\/2021\/04\/P4101391-scaled.jpg 2560w, https:\/\/ergo-gold.at\/wp-content\/uploads\/2021\/04\/P4101391-300x200.jpg 300w, https:\/\/ergo-gold.at\/wp-content\/uploads\/2021\/04\/P4101391-1024x683.jpg 1024w, https:\/\/ergo-gold.at\/wp-content\/uploads\/2021\/04\/P4101391-768x512.jpg 768w, https:\/\/ergo-gold.at\/wp-content\/uploads\/2021\/04\/P4101391-1536x1024.jpg 1536w, https:\/\/ergo-gold.at\/wp-content\/uploads\/2021\/04\/P4101391-2048x1365.jpg 2048w, https:\/\/ergo-gold.at\/wp-content\/uploads\/2021\/04\/P4101391-930x620.jpg 930w\" sizes=\"auto, (max-width: 2560px) 100vw, 2560px\" \/><\/figure><\/li><li class=\"blocks-gallery-item\"><figure><img loading=\"lazy\" decoding=\"async\" width=\"2560\" height=\"1707\" src=\"https:\/\/ergo-gold.at\/wp-content\/uploads\/2021\/04\/P4101363-scaled.jpg\" alt=\"\" data-id=\"61\" data-full-url=\"https:\/\/ergo-gold.at\/wp-content\/uploads\/2021\/04\/P4101363-scaled.jpg\" data-link=\"https:\/\/ergo-gold.at\/index.php\/fachbereiche\/olympus-digital-camera-3\/\" class=\"wp-image-61\" srcset=\"https:\/\/ergo-gold.at\/wp-content\/uploads\/2021\/04\/P4101363-scaled.jpg 2560w, https:\/\/ergo-gold.at\/wp-content\/uploads\/2021\/04\/P4101363-300x200.jpg 300w, https:\/\/ergo-gold.at\/wp-content\/uploads\/2021\/04\/P4101363-1024x683.jpg 1024w, https:\/\/ergo-gold.at\/wp-content\/uploads\/2021\/04\/P4101363-768x512.jpg 768w, https:\/\/ergo-gold.at\/wp-content\/uploads\/2021\/04\/P4101363-1536x1024.jpg 1536w, https:\/\/ergo-gold.at\/wp-content\/uploads\/2021\/04\/P4101363-2048x1365.jpg 2048w, https:\/\/ergo-gold.at\/wp-content\/uploads\/2021\/04\/P4101363-930x620.jpg 930w\" sizes=\"auto, (max-width: 2560px) 100vw, 2560px\" \/><\/figure><\/li><li class=\"blocks-gallery-item\"><figure><img loading=\"lazy\" decoding=\"async\" width=\"2560\" height=\"1707\" src=\"https:\/\/ergo-gold.at\/wp-content\/uploads\/2021\/04\/P4101376-scaled.jpg\" alt=\"\" data-id=\"51\" data-full-url=\"https:\/\/ergo-gold.at\/wp-content\/uploads\/2021\/04\/P4101376-scaled.jpg\" data-link=\"https:\/\/ergo-gold.at\/index.php\/home\/olympus-digital-camera\/\" class=\"wp-image-51\" srcset=\"https:\/\/ergo-gold.at\/wp-content\/uploads\/2021\/04\/P4101376-scaled.jpg 2560w, https:\/\/ergo-gold.at\/wp-content\/uploads\/2021\/04\/P4101376-300x200.jpg 300w, https:\/\/ergo-gold.at\/wp-content\/uploads\/2021\/04\/P4101376-1024x683.jpg 1024w, https:\/\/ergo-gold.at\/wp-content\/uploads\/2021\/04\/P4101376-768x512.jpg 768w, https:\/\/ergo-gold.at\/wp-content\/uploads\/2021\/04\/P4101376-1536x1024.jpg 1536w, https:\/\/ergo-gold.at\/wp-content\/uploads\/2021\/04\/P4101376-2048x1365.jpg 2048w, https:\/\/ergo-gold.at\/wp-content\/uploads\/2021\/04\/P4101376-930x620.jpg 930w\" sizes=\"auto, (max-width: 2560px) 100vw, 2560px\" \/><\/figure><\/li><\/ul><\/figure>\n<\/div><\/div>\n\n\n\n<p><\/p>\n","protected":false},"excerpt":{"rendered":"","protected":false},"author":1,"featured_media":0,"parent":0,"menu_order":0,"comment_status":"closed","ping_status":"closed","template":"","meta":{"neve_meta_sidebar":"","neve_meta_container":"","neve_meta_enable_content_width":"","neve_meta_content_width":0,"neve_meta_title_alignment":"","neve_meta_author_avatar":"","neve_post_elements_order":"","neve_meta_disable_header":"","neve_meta_disable_footer":"","neve_meta_disable_title":"","footnotes":""},"class_list":["post-14","page","type-page","status-publish","hentry"],"_links":{"self":[{"href":"https:\/\/ergo-gold.at\/index.php\/wp-json\/wp\/v2\/pages\/14","targetHints":{"allow":["GET"]}}],"collection":[{"href":"https:\/\/ergo-gold.at\/index.php\/wp-json\/wp\/v2\/pages"}],"about":[{"href":"https:\/\/ergo-gold.at\/index.php\/wp-json\/wp\/v2\/types\/page"}],"author":[{"embeddable":true,"href":"https:\/\/ergo-gold.at\/index.php\/wp-json\/wp\/v2\/users\/1"}],"replies":[{"embeddable":true,"href":"https:\/\/ergo-gold.at\/index.php\/wp-json\/wp\/v2\/comments?post=14"}],"version-history":[{"count":39,"href":"https:\/\/ergo-gold.at\/index.php\/wp-json\/wp\/v2\/pages\/14\/revisions"}],"predecessor-version":[{"id":228,"href":"https:\/\/ergo-gold.at\/index.php\/wp-json\/wp\/v2\/pages\/14\/revisions\/228"}],"wp:attachment":[{"href":"https:\/\/ergo-gold.at\/index.php\/wp-json\/wp\/v2\/media?parent=14"}],"curies":[{"name":"wp","href":"https:\/\/api.w.org\/{rel}","templated":true}]}}